is the remainder when 5369 is divided by 669?
17
What is the remainder when 19821 is divided by 2199?
30
Calculate the remainder when 62322 is divided by 62311.
11
Calculate the remainder when 18732 is divided by 13.
12
Calculate the remainder when 46750 is divided by 31.
2
What is the remainder when 377 is divided by 190?
187
What is the remainder when 41178 is divided by 13717?
27
What is the remainder when 3278 is divided by 29?
1
Calculate the remainder when 13529 is divided by 192.
89
What is the remainder when 383181 is divided by 566?
565
Calculate the remainder when 734 is divided by 25.
9
Calculate the remainder when 9483 is divided by 169.
19
What is the remainder when 64678 is divided by 330?
328
Calculate the remainder when 203724 is divided by 59.
56
Calculate the remainder when 102974 is divided by 99.
14
Calculate the remainder when 35921 is divided by 128.
81
What is the remainder when 47117 is divided by 145?
137
What is the remainder when 119 is divided by 115?
4
Calculate the remainder when 316223 is divided by 24.
23
Calculate the remainder when 62966 is divided by 20986.
8
What is the remainder when 2241 is divided by 375?
366
Calculate the remainder when 2991 is divided by 1486.
19
Calculate the remainder when 52164 is divided by 197.
156
Calculate the remainder when 12766 is divided by 1418.
4
Calculate the remainder when 57632 is divided by 779.
765
What is the remainder when 14702 is divided by 88?
6
Calculate the remainder when 7665 is divided by 15.
0
What is the remainder when 528725 is divided by 61?
38
What is the remainder when 3285 is divided by 1507?
271
What is the remainder when 2103 is divided by 245?
143
What is the remainder when 73374 is divided by 12?
6
Calculate the remainder when 24737 is divided by 774.
743
Calculate the remainder when 7127 is divided by 3419.
289
Calculate the remainder when 118859 is divided by 14849.
67
Calculate the remainder when 2955 is divided by 942.
129
Calculate the remainder when 3713 is divided by 699.
218
What is the remainder when 72955 is divided by 92?
91
What is the remainder when 19147 is divided by 1470?
37
Calculate the remainder when 3912 is divided by 963.
60
Calculate the remainder when 855596 is divided by 248.
244
What is the remainder when 22782 is divided by 11167?
448
Calculate the remainder when 1303399 is divided by 200.
199
Calculate the remainder when 1544 is divided by 111.
101
Calculate the remainder when 218260 is divided by 37.
34
What is the remainder when 18583 is divided by 29?
23
Calculate the remainder when 70519 is divided by 41.
40
Calculate the remainder when 51889 is divided by 3983.
110
What is the remainder when 1471202 is divided by 5?
2
What is the remainder when 113110 is divided by 28276?
6
What is the remainder when 1997 is divided by 23?
19
Calculate the remainder when 34882 is divided by 11606.
64
Calculate the remainder when 14257 is divided by 31.
28
Calculate the remainder when 16111 is divided by 230.
11
What is the remainder when 659078 is divided by 35?
28
What is the remainder when 1044980 is divided by 166?
10
Calculate the remainder when 71605 is divided by 3580.
5
What is the remainder when 3393 is divided by 107?
76
Calculate the remainder when 2522519 is divided by 572.
571
Calculate the remainder when 11431 is divided by 215.
36
Calculate the remainder when 86972 is divided by 151.
147
What is the remainder when 4993637 is divided by 20?
17
Calculate the remainder when 190673 is divided by 29.
27
What is the remainder when 15256 is divided by 436?
432
Calculate the remainder when 12035 is divided by 502.
489
What is the remainder when 326286 is divided by 121?
70
Calculate the remainder when 6374 is divided by 595.
424
What is the remainder when 13614 is divided by 454?
448
What is the remainder when 11953 is divided by 98?
95
Calculate the remainder when 11741 is divided by 671.
334
Calculate the remainder when 1396719 is divided by 19.
10
What is the remainder when 64818 is divided by 84?
54
Calculate the remainder when 4256 is divided by 1412.
20
Calculate the remainder when 37790 is divided by 199.
179
Calculate the remainder when 23332 is divided by 2584.
76
What is the remainder when 3161 is divided by 5?
1
What is the remainder when 15124997 is divided by 1000?
997
What is the remainder when 26193 is divided by 74?
71
Calculate the remainder when 1660 is divided by 130.
100
Calculate the remainder when 6504 is divided by 379.
61
Calculate the remainder when 2177039 is divided by 1783.
1779
Calculate the remainder when 5865536 is divided by 478.
476
What is the remainder when 921765 is divided by 579?
576
What is the remainder when 31039 is divided by 80?
79
What is the remainder when 3726 is divided by 1789?
148
What is the remainder when 41321 is divided by 36?
29
Calculate the remainder when 270217 is divided by 123.
109
Calculate the remainder when 340 is divided by 32.
20
What is the remainder when 19247 is divided by 1748?
19
Calculate the remainder when 225599 is divided by 1514.
13
What is the remainder when 476756 is divided by 58?
54
What is the remainder when 5360319 is divided by 241?
238
What is the remainder when 245 is divided by 104?
37
What is the remainder when 496810 is divided by 13800?
10
Calculate the remainder when 7501 is divided by 243.
211
Calculate the remainder when 87547 is divided by 9708.
175
What is the remainder when 14032 is divided by 1001?
18
Calculate the remainder when 16979 is divided by 5574.
257
Calculate the remainder when 118246 is divided by 110.
106
Calculate the remainder when 12975 is divided by 22.
17
What is the remainder when 10902 is divided by 9452?
1450
What is the remainder when 281103 is divided by 129?
12
Calculate the remainder when 67154 is divided by 9586.
52
Calculate the remainder when 112027 is divided by 1494.
1471
Calculate the remainder when 46811 is divided by 179.
92
What is the remainder when 8617 is divided by 4301?
15
What is the remainder when 429648 is divided by 130?
128
Calculate the remainder when 4867 is divided by 609.
604
Calculate the remainder when 664 is divided by 6.
4
Calculate the remainder when 48801 is divided by 397.
367
What is the remainder when 2317 is divided by 514?
261
Calculate the remainder when 279041 is divided by 557.
541
What is the remainder when 61051 is divided by 1272?
1267
Calculate the remainder when 1459313 is divided by 102.
101
What is the remainder when 165053 is divided by 55017?
2
What is the remainder when 126214 is divided by 19?
16
What is the remainder when 87634 is divided by 43815?
4
What is the remainder when 6157 is divided by 441?
424
Calculate the remainder when 1323 is divided by 17.
14
Calculate the remainder when 520278 is divided by 191.
185
What is the remainder when 8777 is divided by 65?
2
Calculate the remainder when 33560 is divided by 16772.
16
What is the remainder when 3755 is divided by 313?
312
What is the remainder when 132959 is divided by 249?
242
Calculate the remainder when 68749 is divided by 129.
121
What is the remainder when 618690 is divided by 123737?
5
What is the remainder when 15866 is divided by 219?
98
What is the remainder when 18226 is divided by 9002?
222
What is the remainder when 48540 is divided by 183?
45
Calculate the remainder when 1985 is divided by 11.
5
What is the remainder when 503 is divided by 169?
165
Calculate the remainder when 24257 is divided by 29.
13
Calculate the remainder when 7835 is divided by 2601.
32
What is the remainder when 2378 is divided by 313?
187
Calculate the remainder when 2048 is divided by 828.
392
Calculate the remainder when 1755 is divided by 349.
10
Calculate the remainder when 12748 is divided by 195.
73
What is the remainder when 50795 is divided by 382?
371
What is the remainder when 142454 is divided by 340?
334
What is the remainder when 18986 is divided by 9?
5
Calculate the remainder when 11569 is divided by 5780.
9
What is the remainder when 64204 is divided by 1791?
1519
What is the remainder when 689 is divided by 4?
1
What is the remainder when 46177 is divided by 159?
67
Calculate the remainder when 7629 is divided by 3802.
25
What is the remainder when 37629 is divided by 56?
53
Calculate the remainder 